{"id":82,"date":"2025-11-23T11:36:17","date_gmt":"2025-11-23T10:36:17","guid":{"rendered":"https:\/\/geryflag.com\/index.php\/home\/"},"modified":"2026-01-24T12:02:48","modified_gmt":"2026-01-24T11:02:48","slug":"home","status":"publish","type":"page","link":"https:\/\/geryflag.com\/","title":{"rendered":"Home"},"content":{"rendered":"\t\t<div data-elementor-type=\"wp-page\" data-elementor-id=\"82\" class=\"elementor elementor-82\">\n\t\t\t\t<div class=\"elementor-element elementor-element-7426c920 e-con-full e-flex e-con e-parent\" data-id=\"7426c920\" data-element_type=\"container\" data-e-type=\"container\" data-settings=\"{&quot;background_background&quot;:&quot;classic&quot;}\">\n\t\t\t\t<div class=\"elementor-element elementor-element-4a0fd027 elementor-widget__width-inherit elementor-widget elementor-widget-heading\" data-id=\"4a0fd027\" data-element_type=\"widget\" data-e-type=\"widget\" data-widget_type=\"heading.default\">\n\t\t\t\t\t<h1 class=\"elementor-heading-title elementor-size-default\">L'abstraction, un voyage int\u00e9rieur<\/h1>\t\t\t\t<\/div>\n\t\t\t\t<div class=\"elementor-element elementor-element-ff1352d elementor-widget__width-initial elementor-widget-mobile__width-initial elementor-widget elementor-widget-image\" data-id=\"ff1352d\" data-element_type=\"widget\" data-e-type=\"widget\" data-widget_type=\"image.default\">\n\t\t\t\t\t\t\t\t\t\t\t\t\t\t\t<img fetchpriority=\"high\" decoding=\"async\" width=\"300\" height=\"300\" src=\"https:\/\/geryflag.com\/wp-content\/uploads\/2025\/12\/Au-dela_du_silence-300px_ok.webp\" class=\"attachment-medium size-medium wp-image-1586\" alt=\"\" srcset=\"https:\/\/geryflag.com\/wp-content\/uploads\/2025\/12\/Au-dela_du_silence-300px_ok.webp 300w, https:\/\/geryflag.com\/wp-content\/uploads\/2025\/12\/Au-dela_du_silence-300px_ok-230x230.webp 230w\" sizes=\"(max-width: 300px) 100vw, 300px\" \/>\t\t\t\t\t\t\t\t\t\t\t\t\t\t\t<\/div>\n\t\t\t\t<\/div>\n\t\t<div class=\"elementor-element elementor-element-a0f57ec e-con-full e-flex e-con e-parent\" data-id=\"a0f57ec\" data-element_type=\"container\" data-e-type=\"container\" data-settings=\"{&quot;background_background&quot;:&quot;classic&quot;}\">\n\t\t\t\t<div class=\"elementor-element elementor-element-5a92b038 elementor-align-center elementor-invisible elementor-widget elementor-widget-button\" data-id=\"5a92b038\" data-element_type=\"widget\" data-e-type=\"widget\" data-settings=\"{&quot;_animation&quot;:&quot;fadeInDown&quot;}\" data-widget_type=\"button.default\">\n\t\t\t\t\t\t\t\t\t\t<a class=\"elementor-button elementor-button-link elementor-size-sm\" href=\"#\">\n\t\t\t\t\t\t<span class=\"elementor-button-content-wrapper\">\n\t\t\t\t\t\t\t\t\t<span class=\"elementor-button-text\">D\u00e9couvrir<\/span>\n\t\t\t\t\t<\/span>\n\t\t\t\t\t<\/a>\n\t\t\t\t\t\t\t\t<\/div>\n\t\t\t\t<div class=\"elementor-element elementor-element-0af3a8e elementor-widget elementor-widget-text-editor\" data-id=\"0af3a8e\" data-element_type=\"widget\" data-e-type=\"widget\" data-widget_type=\"text-editor.default\">\n\t\t\t\t\t\t\t\t\t<h4>Chaque toile, une respiration,&#8230;<\/h4>\t\t\t\t\t\t\t\t<\/div>\n\t\t\t\t<div class=\"elementor-element elementor-element-6920cf3 elementor-arrows-position-inside elementor-pagination-position-outside elementor-widget elementor-widget-image-carousel\" data-id=\"6920cf3\" data-element_type=\"widget\" data-e-type=\"widget\" data-settings=\"{&quot;navigation&quot;:&quot;both&quot;,&quot;autoplay&quot;:&quot;yes&quot;,&quot;pause_on_hover&quot;:&quot;yes&quot;,&quot;pause_on_interaction&quot;:&quot;yes&quot;,&quot;autoplay_speed&quot;:5000,&quot;infinite&quot;:&quot;yes&quot;,&quot;speed&quot;:500}\" data-widget_type=\"image-carousel.default\">\n\t\t\t\t\t\t\t<div class=\"elementor-image-carousel-wrapper swiper\" role=\"region\" aria-roledescription=\"carousel\" aria-label=\"Carrousel d\u2019images\" dir=\"ltr\">\n\t\t\t<div class=\"elementor-image-carousel swiper-wrapper\" aria-live=\"off\">\n\t\t\t\t\t\t\t\t<div class=\"swiper-slide\" role=\"group\" aria-roledescription=\"slide\" aria-label=\"1 sur 9\"><a data-elementor-open-lightbox=\"yes\" data-elementor-lightbox-slideshow=\"6920cf3\" data-elementor-lightbox-title=\"Sans cadre\" data-elementor-lightbox-description=\"Contemplation abstraite\" data-e-action-hash=\"#elementor-action%3Aaction%3Dlightbox%26settings%3DeyJpZCI6MTUyOCwidXJsIjoiaHR0cHM6XC9cL2dlcnlmbGFnLmNvbVwvd3AtY29udGVudFwvdXBsb2Fkc1wvMjAyNVwvMTJcL0NvbnRlbXBsYXRpb24tYWJzdHJhaXRlLWZvbmQtVFJfb2sud2VicCIsInNsaWRlc2hvdyI6IjY5MjBjZjMifQ%3D%3D\" href=\"https:\/\/geryflag.com\/wp-content\/uploads\/2025\/12\/Contemplation-abstraite-fond-TR_ok.webp\"><figure class=\"swiper-slide-inner\"><img decoding=\"async\" class=\"swiper-slide-image\" src=\"https:\/\/geryflag.com\/wp-content\/uploads\/elementor\/thumbs\/Contemplation-abstraite-fond-TR_ok-rge4swyd7u7az4oorx6t70kdhyvgcvjw695w9dsxjk.webp\" alt=\"Sans cadre\" \/><\/figure><\/a><\/div><div class=\"swiper-slide\" role=\"group\" aria-roledescription=\"slide\" aria-label=\"2 sur 9\"><a data-elementor-open-lightbox=\"yes\" data-elementor-lightbox-slideshow=\"6920cf3\" data-elementor-lightbox-title=\"Cadre Fortibox blanc\" data-elementor-lightbox-description=\"Souffle du nord\" data-e-action-hash=\"#elementor-action%3Aaction%3Dlightbox%26settings%3DeyJpZCI6MTQ5NCwidXJsIjoiaHR0cHM6XC9cL2dlcnlmbGFnLmNvbVwvd3AtY29udGVudFwvdXBsb2Fkc1wvMjAyNVwvMTJcL3NvdWZmbGUtZHUtbm9yZGZvbmQtVFItRlRCLWJsYW5jaGVfb2sud2VicCIsInNsaWRlc2hvdyI6IjY5MjBjZjMifQ%3D%3D\" href=\"https:\/\/geryflag.com\/wp-content\/uploads\/2025\/12\/souffle-du-nordfond-TR-FTB-blanche_ok.webp\"><figure class=\"swiper-slide-inner\"><img decoding=\"async\" class=\"swiper-slide-image\" src=\"https:\/\/geryflag.com\/wp-content\/uploads\/elementor\/thumbs\/souffle-du-nordfond-TR-FTB-blanche_ok-rge0f3ttt669rxwu9phoku6f54p02927t677ozse6o.webp\" alt=\"Cadre Fortibox blanc\" \/><\/figure><\/a><\/div><div class=\"swiper-slide\" role=\"group\" aria-roledescription=\"slide\" aria-label=\"3 sur 9\"><a data-elementor-open-lightbox=\"yes\" data-elementor-lightbox-slideshow=\"6920cf3\" data-elementor-lightbox-title=\"Cadre flottant blanc\" data-elementor-lightbox-description=\"Silence du monde obscur\" data-e-action-hash=\"#elementor-action%3Aaction%3Dlightbox%26settings%3DeyJpZCI6MTQxOSwidXJsIjoiaHR0cHM6XC9cL2dlcnlmbGFnLmNvbVwvd3AtY29udGVudFwvdXBsb2Fkc1wvMjAyNVwvMTJcL1NpbGVuY2UtZHUtbW9uZGVzLW9ic2N1ci1mb25kLVRSLUNBLWJsYW5jaGVfb2sud2VicCIsInNsaWRlc2hvdyI6IjY5MjBjZjMifQ%3D%3D\" href=\"https:\/\/geryflag.com\/wp-content\/uploads\/2025\/12\/Silence-du-mondes-obscur-fond-TR-CA-blanche_ok.webp\"><figure class=\"swiper-slide-inner\"><img decoding=\"async\" class=\"swiper-slide-image\" src=\"https:\/\/geryflag.com\/wp-content\/uploads\/elementor\/thumbs\/Silence-du-mondes-obscur-fond-TR-CA-blanche_ok-rgcjwtg7sgifmlnt84c9rcgcojonj3qxl43mrkjd8w.webp\" alt=\"Cadre flottant blanc\" \/><\/figure><\/a><\/div><div class=\"swiper-slide\" role=\"group\" aria-roledescription=\"slide\" aria-label=\"4 sur 9\"><a data-elementor-open-lightbox=\"yes\" data-elementor-lightbox-slideshow=\"6920cf3\" data-elementor-lightbox-title=\"Sans cadre\" data-elementor-lightbox-description=\"Polygones flottants\" data-e-action-hash=\"#elementor-action%3Aaction%3Dlightbox%26settings%3DeyJpZCI6MTUxOCwidXJsIjoiaHR0cHM6XC9cL2dlcnlmbGFnLmNvbVwvd3AtY29udGVudFwvdXBsb2Fkc1wvMjAyNVwvMTJcL1BvbHlnb25lcy1mbG90dGFudHNfZm9uZF9UUl9vay53ZWJwIiwic2xpZGVzaG93IjoiNjkyMGNmMyJ9\" href=\"https:\/\/geryflag.com\/wp-content\/uploads\/2025\/12\/Polygones-flottants_fond_TR_ok.webp\"><figure class=\"swiper-slide-inner\"><img decoding=\"async\" class=\"swiper-slide-image\" src=\"https:\/\/geryflag.com\/wp-content\/uploads\/elementor\/thumbs\/Polygones-flottants_fond_TR_ok-rge3e0130wi63in42wwb4v3j4ltpf3fb6912ftamkw.webp\" alt=\"Sans cadre\" \/><\/figure><\/a><\/div><div class=\"swiper-slide\" role=\"group\" aria-roledescription=\"slide\" aria-label=\"5 sur 9\"><a data-elementor-open-lightbox=\"yes\" data-elementor-lightbox-slideshow=\"6920cf3\" data-elementor-lightbox-title=\"Int\u00e9rieur\" data-elementor-lightbox-description=\"Spirale d&#039;\u00e9ternit\u00e9 - Peinture abstraite de G\u00e9ry Flag\" data-e-action-hash=\"#elementor-action%3Aaction%3Dlightbox%26settings%3DeyJpZCI6MTU1MywidXJsIjoiaHR0cHM6XC9cL2dlcnlmbGFnLmNvbVwvd3AtY29udGVudFwvdXBsb2Fkc1wvMjAyNVwvMTJcL3NwaXJhbGUtZXRlcm5pdGUtZm9uZC1UUi1pbnRlcmlldXJfb2sud2VicCIsInNsaWRlc2hvdyI6IjY5MjBjZjMifQ%3D%3D\" href=\"https:\/\/geryflag.com\/wp-content\/uploads\/2025\/12\/spirale-eternite-fond-TR-interieur_ok.webp\"><figure class=\"swiper-slide-inner\"><img decoding=\"async\" class=\"swiper-slide-image\" src=\"https:\/\/geryflag.com\/wp-content\/uploads\/elementor\/thumbs\/spirale-eternite-fond-TR-interieur_ok-rgei0wg61lsi6hafco3mtwhes8ss736ma5zizo1yog.webp\" alt=\"Int\u00e9rieur\" \/><\/figure><\/a><\/div><div class=\"swiper-slide\" role=\"group\" aria-roledescription=\"slide\" aria-label=\"6 sur 9\"><a data-elementor-open-lightbox=\"yes\" data-elementor-lightbox-slideshow=\"6920cf3\" data-elementor-lightbox-title=\"Cadre flottant blanc\" data-elementor-lightbox-description=\"Spirale d&#039;\u00e9ternit\u00e9 - Peinture abstraite de G\u00e9ry Flag\" data-e-action-hash=\"#elementor-action%3Aaction%3Dlightbox%26settings%3DeyJpZCI6MTU1MCwidXJsIjoiaHR0cHM6XC9cL2dlcnlmbGFnLmNvbVwvd3AtY29udGVudFwvdXBsb2Fkc1wvMjAyNVwvMTJcL3NwaXJhbGUtZXRlcm5pdGUtZm9uZC1UUi1DQS1ibGFuY2hlX29rLndlYnAiLCJzbGlkZXNob3ciOiI2OTIwY2YzIn0%3D\" href=\"https:\/\/geryflag.com\/wp-content\/uploads\/2025\/12\/spirale-eternite-fond-TR-CA-blanche_ok.webp\"><figure class=\"swiper-slide-inner\"><img decoding=\"async\" class=\"swiper-slide-image\" src=\"https:\/\/geryflag.com\/wp-content\/uploads\/elementor\/thumbs\/spirale-eternite-fond-TR-CA-blanche_ok-rgei0rqz3fm2kfh9442hzfo3tbfy4lnyliq3la8xjk.webp\" alt=\"Cadre flottant blanc\" \/><\/figure><\/a><\/div><div class=\"swiper-slide\" role=\"group\" aria-roledescription=\"slide\" aria-label=\"7 sur 9\"><a data-elementor-open-lightbox=\"yes\" data-elementor-lightbox-slideshow=\"6920cf3\" data-elementor-lightbox-title=\"Cadre flottant blanc\" data-elementor-lightbox-description=\"Peinture abstraite de G\u00e9ry Flag  - Fracture des ombres\" data-e-action-hash=\"#elementor-action%3Aaction%3Dlightbox%26settings%3DeyJpZCI6MTY1OCwidXJsIjoiaHR0cHM6XC9cL2dlcnlmbGFnLmNvbVwvd3AtY29udGVudFwvdXBsb2Fkc1wvMjAyNVwvMTJcL0ZyYWN0dXJlLWRlcy1vbWJyZXMtZm9uZC1UUi1DQV9ibGFuY2hlX29rLndlYnAiLCJzbGlkZXNob3ciOiI2OTIwY2YzIn0%3D\" href=\"https:\/\/geryflag.com\/wp-content\/uploads\/2025\/12\/Fracture-des-ombres-fond-TR-CA_blanche_ok.webp\"><figure class=\"swiper-slide-inner\"><img decoding=\"async\" class=\"swiper-slide-image\" src=\"https:\/\/geryflag.com\/wp-content\/uploads\/elementor\/thumbs\/Fracture-des-ombres-fond-TR-CA_blanche_ok-rghxneqd267980ofifc2ktyhhst9bbe3i4v0c58pu8.webp\" alt=\"Cadre flottant blanc\" \/><\/figure><\/a><\/div><div class=\"swiper-slide\" role=\"group\" aria-roledescription=\"slide\" aria-label=\"8 sur 9\"><a data-elementor-open-lightbox=\"yes\" data-elementor-lightbox-slideshow=\"6920cf3\" data-elementor-lightbox-title=\"Cadre flottant blanc\" data-elementor-lightbox-description=\"Le silence du temps\" data-e-action-hash=\"#elementor-action%3Aaction%3Dlightbox%26settings%3DeyJpZCI6MTQwNSwidXJsIjoiaHR0cHM6XC9cL2dlcnlmbGFnLmNvbVwvd3AtY29udGVudFwvdXBsb2Fkc1wvMjAyNVwvMTJcL0xlLXNpbGVuY2UtZHUtdGVtcHMtQ0EtYmxhbmNfb2sud2VicCIsInNsaWRlc2hvdyI6IjY5MjBjZjMifQ%3D%3D\" href=\"https:\/\/geryflag.com\/wp-content\/uploads\/2025\/12\/Le-silence-du-temps-CA-blanc_ok.webp\"><figure class=\"swiper-slide-inner\"><img decoding=\"async\" class=\"swiper-slide-image\" src=\"https:\/\/geryflag.com\/wp-content\/uploads\/elementor\/thumbs\/Le-silence-du-temps-CA-blanc_ok-rgciq4m3ec2mc5o5i6190m9pfk3ixz9sptgr45u1u8.webp\" alt=\"Cadre flottant blanc\" \/><\/figure><\/a><\/div><div class=\"swiper-slide\" role=\"group\" aria-roledescription=\"slide\" aria-label=\"9 sur 9\"><a data-elementor-open-lightbox=\"yes\" data-elementor-lightbox-slideshow=\"6920cf3\" data-elementor-lightbox-title=\"Cadre Fortibox Studio blanc\" data-elementor-lightbox-description=\"Peinture abstraite de G\u00e9ry Flag  - Eclats d&#039;\u00e9nergie\" data-e-action-hash=\"#elementor-action%3Aaction%3Dlightbox%26settings%3DeyJpZCI6MTYwNCwidXJsIjoiaHR0cHM6XC9cL2dlcnlmbGFnLmNvbVwvd3AtY29udGVudFwvdXBsb2Fkc1wvMjAyNVwvMTJcL0VjbGF0cy1kRW5lcmdpZV80MHg0MC1Gb25kLVRSLUZCUy1ibGFuY19vay53ZWJwIiwic2xpZGVzaG93IjoiNjkyMGNmMyJ9\" href=\"https:\/\/geryflag.com\/wp-content\/uploads\/2025\/12\/Eclats-dEnergie_40x40-Fond-TR-FBS-blanc_ok.webp\"><figure class=\"swiper-slide-inner\"><img decoding=\"async\" class=\"swiper-slide-image\" src=\"https:\/\/geryflag.com\/wp-content\/uploads\/elementor\/thumbs\/Eclats-dEnergie_40x40-Fond-TR-FBS-blanc_ok-rgh8s77w4gq7xl0owgtcvqgicx6kgvh3r9hc74krtc.webp\" alt=\"Cadre Fortibox Studio blanc\" \/><\/figure><\/a><\/div>\t\t\t<\/div>\n\t\t\t\t\t\t\t\t\t\t\t\t<div class=\"elementor-swiper-button elementor-swiper-button-prev\" role=\"button\" tabindex=\"0\">\n\t\t\t\t\t\t<svg aria-hidden=\"true\" class=\"e-font-icon-svg e-eicon-chevron-left\" viewBox=\"0 0 1000 1000\" xmlns=\"http:\/\/www.w3.org\/2000\/svg\"><path d=\"M646 125C629 125 613 133 604 142L308 442C296 454 292 471 292 487 292 504 296 521 308 533L604 854C617 867 629 875 646 875 663 875 679 871 692 858 704 846 713 829 713 812 713 796 708 779 692 767L438 487 692 225C700 217 708 204 708 187 708 171 704 154 692 142 675 129 663 125 646 125Z\"><\/path><\/svg>\t\t\t\t\t<\/div>\n\t\t\t\t\t<div class=\"elementor-swiper-button elementor-swiper-button-next\" role=\"button\" tabindex=\"0\">\n\t\t\t\t\t\t<svg aria-hidden=\"true\" class=\"e-font-icon-svg e-eicon-chevron-right\" viewBox=\"0 0 1000 1000\" xmlns=\"http:\/\/www.w3.org\/2000\/svg\"><path d=\"M696 533C708 521 713 504 713 487 713 471 708 454 696 446L400 146C388 133 375 125 354 125 338 125 325 129 313 142 300 154 292 171 292 187 292 204 296 221 308 233L563 492 304 771C292 783 288 800 288 817 288 833 296 850 308 863 321 871 338 875 354 875 371 875 388 867 400 854L696 533Z\"><\/path><\/svg>\t\t\t\t\t<\/div>\n\t\t\t\t\n\t\t\t\t\t\t\t\t\t<div class=\"swiper-pagination\"><\/div>\n\t\t\t\t\t\t\t\t\t<\/div>\n\t\t\t\t\t\t<\/div>\n\t\t<div class=\"elementor-element elementor-element-ad5d424 e-con-full e-grid e-con e-child\" data-id=\"ad5d424\" data-element_type=\"container\" data-e-type=\"container\" data-settings=\"{&quot;background_background&quot;:&quot;classic&quot;}\">\n\t\t\t\t<div class=\"elementor-element elementor-element-ec8fa8b elementor-align-center elementor-widget elementor-widget-button\" data-id=\"ec8fa8b\" data-element_type=\"widget\" data-e-type=\"widget\" data-widget_type=\"button.default\">\n\t\t\t\t\t\t\t\t\t\t<a class=\"elementor-button elementor-button-link elementor-size-sm\" href=\"https:\/\/geryflag.com\/index.php\/fluxoria\/\">\n\t\t\t\t\t\t<span class=\"elementor-button-content-wrapper\">\n\t\t\t\t\t\t<span class=\"elementor-button-icon\">\n\t\t\t\t<svg aria-hidden=\"true\" class=\"e-font-icon-svg e-far-flag\" viewBox=\"0 0 512 512\" xmlns=\"http:\/\/www.w3.org\/2000\/svg\"><path d=\"M336.174 80c-49.132 0-93.305-32-161.913-32-31.301 0-58.303 6.482-80.721 15.168a48.04 48.04 0 0 0 2.142-20.727C93.067 19.575 74.167 1.594 51.201.104 23.242-1.71 0 20.431 0 48c0 17.764 9.657 33.262 24 41.562V496c0 8.837 7.163 16 16 16h16c8.837 0 16-7.163 16-16v-83.443C109.869 395.28 143.259 384 199.826 384c49.132 0 93.305 32 161.913 32 58.479 0 101.972-22.617 128.548-39.981C503.846 367.161 512 352.051 512 335.855V95.937c0-34.459-35.264-57.768-66.904-44.117C409.193 67.309 371.641 80 336.174 80zM464 336c-21.783 15.412-60.824 32-102.261 32-59.945 0-102.002-32-161.913-32-43.361 0-96.379 9.403-127.826 24V128c21.784-15.412 60.824-32 102.261-32 59.945 0 102.002 32 161.913 32 43.271 0 96.32-17.366 127.826-32v240z\"><\/path><\/svg>\t\t\t<\/span>\n\t\t\t\t\t\t\t\t\t<span class=\"elementor-button-text\">Fluxoria<\/span>\n\t\t\t\t\t<\/span>\n\t\t\t\t\t<\/a>\n\t\t\t\t\t\t\t\t<\/div>\n\t\t\t\t<div class=\"elementor-element elementor-element-e48feb1 elementor-widget elementor-widget-text-editor\" data-id=\"e48feb1\" data-element_type=\"widget\" data-e-type=\"widget\" data-widget_type=\"text-editor.default\">\n\t\t\t\t\t\t\t\t\t<h6>La beaut\u00e9 des formes<br \/>en mouvement<\/h6>\t\t\t\t\t\t\t\t<\/div>\n\t\t\t\t<div class=\"elementor-element elementor-element-080fcde elementor-align-center elementor-widget elementor-widget-button\" data-id=\"080fcde\" data-element_type=\"widget\" data-e-type=\"widget\" data-widget_type=\"button.default\">\n\t\t\t\t\t\t\t\t\t\t<a class=\"elementor-button elementor-button-link elementor-size-sm\" href=\"https:\/\/geryflag.com\/index.php\/luminae\/\">\n\t\t\t\t\t\t<span class=\"elementor-button-content-wrapper\">\n\t\t\t\t\t\t<span class=\"elementor-button-icon\">\n\t\t\t\t<svg aria-hidden=\"true\" class=\"e-font-icon-svg e-far-flag\" viewBox=\"0 0 512 512\" xmlns=\"http:\/\/www.w3.org\/2000\/svg\"><path d=\"M336.174 80c-49.132 0-93.305-32-161.913-32-31.301 0-58.303 6.482-80.721 15.168a48.04 48.04 0 0 0 2.142-20.727C93.067 19.575 74.167 1.594 51.201.104 23.242-1.71 0 20.431 0 48c0 17.764 9.657 33.262 24 41.562V496c0 8.837 7.163 16 16 16h16c8.837 0 16-7.163 16-16v-83.443C109.869 395.28 143.259 384 199.826 384c49.132 0 93.305 32 161.913 32 58.479 0 101.972-22.617 128.548-39.981C503.846 367.161 512 352.051 512 335.855V95.937c0-34.459-35.264-57.768-66.904-44.117C409.193 67.309 371.641 80 336.174 80zM464 336c-21.783 15.412-60.824 32-102.261 32-59.945 0-102.002-32-161.913-32-43.361 0-96.379 9.403-127.826 24V128c21.784-15.412 60.824-32 102.261-32 59.945 0 102.002 32 161.913 32 43.271 0 96.32-17.366 127.826-32v240z\"><\/path><\/svg>\t\t\t<\/span>\n\t\t\t\t\t\t\t\t\t<span class=\"elementor-button-text\">Luminae<\/span>\n\t\t\t\t\t<\/span>\n\t\t\t\t\t<\/a>\n\t\t\t\t\t\t\t\t<\/div>\n\t\t\t\t<div class=\"elementor-element elementor-element-58261d8 elementor-widget elementor-widget-text-editor\" data-id=\"58261d8\" data-element_type=\"widget\" data-e-type=\"widget\" data-widget_type=\"text-editor.default\">\n\t\t\t\t\t\t\t\t\t<h6>Vitalit\u00e9 urbaine <br \/>et horizons lumineux<\/h6>\t\t\t\t\t\t\t\t<\/div>\n\t\t\t\t<div class=\"elementor-element elementor-element-126cd52 elementor-align-center elementor-widget elementor-widget-button\" data-id=\"126cd52\" data-element_type=\"widget\" data-e-type=\"widget\" data-widget_type=\"button.default\">\n\t\t\t\t\t\t\t\t\t\t<a class=\"elementor-button elementor-button-link elementor-size-sm\" href=\"https:\/\/geryflag.com\/index.php\/home\/polygonia\/\">\n\t\t\t\t\t\t<span class=\"elementor-button-content-wrapper\">\n\t\t\t\t\t\t<span class=\"elementor-button-icon\">\n\t\t\t\t<svg aria-hidden=\"true\" class=\"e-font-icon-svg e-far-flag\" viewBox=\"0 0 512 512\" xmlns=\"http:\/\/www.w3.org\/2000\/svg\"><path d=\"M336.174 80c-49.132 0-93.305-32-161.913-32-31.301 0-58.303 6.482-80.721 15.168a48.04 48.04 0 0 0 2.142-20.727C93.067 19.575 74.167 1.594 51.201.104 23.242-1.71 0 20.431 0 48c0 17.764 9.657 33.262 24 41.562V496c0 8.837 7.163 16 16 16h16c8.837 0 16-7.163 16-16v-83.443C109.869 395.28 143.259 384 199.826 384c49.132 0 93.305 32 161.913 32 58.479 0 101.972-22.617 128.548-39.981C503.846 367.161 512 352.051 512 335.855V95.937c0-34.459-35.264-57.768-66.904-44.117C409.193 67.309 371.641 80 336.174 80zM464 336c-21.783 15.412-60.824 32-102.261 32-59.945 0-102.002-32-161.913-32-43.361 0-96.379 9.403-127.826 24V128c21.784-15.412 60.824-32 102.261-32 59.945 0 102.002 32 161.913 32 43.271 0 96.32-17.366 127.826-32v240z\"><\/path><\/svg>\t\t\t<\/span>\n\t\t\t\t\t\t\t\t\t<span class=\"elementor-button-text\">Polygonia<\/span>\n\t\t\t\t\t<\/span>\n\t\t\t\t\t<\/a>\n\t\t\t\t\t\t\t\t<\/div>\n\t\t\t\t<div class=\"elementor-element elementor-element-a5955c6 elementor-widget elementor-widget-text-editor\" data-id=\"a5955c6\" data-element_type=\"widget\" data-e-type=\"widget\" data-widget_type=\"text-editor.default\">\n\t\t\t\t\t\t\t\t\t<h6>L&rsquo;harmonie des formes <br \/>en poesie visuelle<\/h6>\t\t\t\t\t\t\t\t<\/div>\n\t\t\t\t<\/div>\n\t\t\t\t<div class=\"elementor-element elementor-element-825c12f elementor-widget elementor-widget-heading\" data-id=\"825c12f\" data-element_type=\"widget\" data-e-type=\"widget\" data-widget_type=\"heading.default\">\n\t\t\t\t\t<div class=\"elementor-heading-title elementor-size-default\">\nMon univers artistique se d\u00e9ploie en trois mouvements, comme une trilogie visuelle o\u00f9 chaque style r\u00e9v\u00e8le une facette de l\u2019harmonie\n.<br><br>Fluxoria \u2014 le mouvement et la fluidit\u00e9, une danse visuelle o\u00f9 les formes se transforment et se r\u00e9pondent. C\u2019est la dynamique de la vie, la beaut\u00e9 des transitions, l\u2019art de saisir l\u2019instant en perp\u00e9tuelle \u00e9volution.\n<br><br>Luminae \u2014 l\u2019\u00e9nergie vivante des paysages urbains futuristes, nourrie par la vitalit\u00e9 de la nature et la lumi\u00e8re des cit\u00e9s. C\u2019est l\u2019\u00e9lan, la vibration, la force qui anime les horizons modernes et les flux organiques.\n<br><br>Polygonia \u2014 la po\u00e9sie des formes g\u00e9om\u00e9triques, une s\u00e9r\u00e9nit\u00e9 qui invite \u00e0 contempler la multiplicit\u00e9 des lignes et des couleurs. C\u2019est l\u2019espace du calme, de la clart\u00e9, o\u00f9 chaque composition devient une respiration.\n<br><br>Ensemble, ces trois univers forment une qu\u00eate : cr\u00e9er des exp\u00e9riences visuelles o\u00f9 po\u00e9sie, vitalit\u00e9 et mouvement s\u2019unissent dans une m\u00eame recherche d\u2019harmonie.\n<\/div>\t\t\t\t<\/div>\n\t\t\t\t<\/div>\n\t\t<div class=\"elementor-element elementor-element-dfe72f1 e-flex e-con-boxed e-con e-parent\" data-id=\"dfe72f1\" data-element_type=\"container\" data-e-type=\"container\">\n\t\t\t\t\t<div class=\"e-con-inner\">\n\t\t\t\t\t<\/div>\n\t\t\t\t<\/div>\n\t\t\t\t<\/div>\n\t\t","protected":false},"excerpt":{"rendered":"<p>L&rsquo;abstraction, un voyage int\u00e9rieur D\u00e9couvrir Chaque toile, une respiration,&#8230; Fluxoria La beaut\u00e9 des formesen mouvement Luminae Vitalit\u00e9 urbaine et horizons lumineux Polygonia [&hellip;]<\/p>\n","protected":false},"author":1,"featured_media":86,"parent":0,"menu_order":0,"comment_status":"closed","ping_status":"closed","template":"page-templates\/page_fullwidth.php","meta":{"footnotes":""},"folder":[],"class_list":["post-82","page","type-page","status-publish","has-post-thumbnail","hentry"],"_links":{"self":[{"href":"https:\/\/geryflag.com\/index.php\/wp-json\/wp\/v2\/pages\/82","targetHints":{"allow":["GET"]}}],"collection":[{"href":"https:\/\/geryflag.com\/index.php\/wp-json\/wp\/v2\/pages"}],"about":[{"href":"https:\/\/geryflag.com\/index.php\/wp-json\/wp\/v2\/types\/page"}],"author":[{"embeddable":true,"href":"https:\/\/geryflag.com\/index.php\/wp-json\/wp\/v2\/users\/1"}],"replies":[{"embeddable":true,"href":"https:\/\/geryflag.com\/index.php\/wp-json\/wp\/v2\/comments?post=82"}],"version-history":[{"count":439,"href":"https:\/\/geryflag.com\/index.php\/wp-json\/wp\/v2\/pages\/82\/revisions"}],"predecessor-version":[{"id":2635,"href":"https:\/\/geryflag.com\/index.php\/wp-json\/wp\/v2\/pages\/82\/revisions\/2635"}],"wp:featuredmedia":[{"embeddable":true,"href":"https:\/\/geryflag.com\/index.php\/wp-json\/wp\/v2\/media\/86"}],"wp:attachment":[{"href":"https:\/\/geryflag.com\/index.php\/wp-json\/wp\/v2\/media?parent=82"}],"wp:term":[{"taxonomy":"folder","embeddable":true,"href":"https:\/\/geryflag.com\/index.php\/wp-json\/wp\/v2\/folder?post=82"}],"curies":[{"name":"wp","href":"https:\/\/api.w.org\/{rel}","templated":true}]}}